*g = -6 - r. Suppose j = 20 - g. What is the units digit of j?
7
Let i(x) = x + 1. Let q be i(2). Suppose 0*u + 13 = 5*t - 4*u, -4*u = t - 17. Suppose t = 4*c - q*c. What is the units digit of c?
5
Let s(b) = -2*b + 11. Suppose 3 = -5*q + 18. Let u(k) = k - 6. Let n(x) = q*s(x) + 5*u(x). What is the units digit of n(-8)?
1
Let z = -62 - -65. Suppose j + z = 0, 458 = 4*v - 5*j + 3*j. What is the units digit of v?
3
Suppose 3*q + 17600 = 43*q. What is the tens digit of q?
4
Let f(h) = -h**3 + 7*h**2 - 6*h + 3. Let o be f(2). Suppose -15*z + 184 = -o*z. What is the units digit of z?
6
Suppose 6*a - 2*a = -2*k + 3028, -5*a + 20 = 0. What is the tens digit of k?
0
Suppose 0 = 3*b + 20 - 32. What is the tens digit of (-2*(-114)/(-8))/((-2)/b)?
5
Let d = -321 - -824. What is the units digit of d?
3
Let h(q) = 4*q**2 + 2*q + 2. Let s be h(-3). Suppose 3*g = 3*r + 186, 2*r - 4*g + 84 = -s. What is the units digit of r/(-3) - (-2 - -1)?
3
What is the units digit of (68/(-51))/(2/(-978))?
2
Suppose -f + 4 = -0. Suppose -f*v = 4*k + 241 + 63, -5*k = -25. What is the tens digit of (6/(-18))/(1/v)?
2
Suppose j = -2*v + 753 + 851, -6*v + 1616 = j. What is the tens digit of j?
9
What is the hundreds digit of 3945 + -124 + (1 - 2)?
8
Let y(o) be the first derivative of -11*o**2/2 + 7. Let m be y(-1). Suppose 8*a - m*a = -45. What is the units digit of a?
5
Let n be 368/88 + ((-8)/(-22))/(-2). Suppose 51 + 85 = n*w. What is the tens digit of w?
3
What is the hundreds digit of (-20)/((-6984)/(-999) + -7)?
2
Suppose 10 = -3*w - n, 0*w + 4*n - 15 = -w. Let i(h) = -3*h + 12*h**3 + 5*h**2 - 20*h**3 + 9*h**3 + 2. What is the units digit of i(w)?
7
Suppose -8 = -0*v - 4*v. Suppose -v*r + 0*i + 24 = i, -60 = -5*r + 5*i. What is the tens digit of 34/3 - r/36?
1
Let l(t) = t**2 + t - 2. Let o be l(-3). What is the units digit of 2/(-13) + o/(208/2868)?
5
Suppose 0 = 13*p - 15*p + 88. Suppose -5*s + 141 = 3*c - p, -2*s = 5*c - 74. What is the units digit of s?
7
Let a(h) = -h - 9. Let w be a(-9). Suppose 3*b = 5*k + 40, w = 3*b + 4*k + 5. Suppose 2*d - 18 - 20 = q, -4*q + 69 = b*d. What is the tens digit of d?
1
Let t(c) = -42*c - 212. What is the thousands digit of t(-32)?
1
Let g(n) = -n**3 + 18*n**2 - 16*n - 13. Let m be g(17). Suppose k = -4*f + 3*f + 33, 5*k - m*f - 156 = 0. What is the tens digit of k?
3
Let b = -843 - -1259. What is the tens digit of b?
1
Suppose -j + 8 = 2*a + 3*a, 2*a = 5*j - 13. Let s be 8/a - (-9)/(-3). Suppose -i = s*b - 135, 4*b - 87 = i + 30. What is the tens digit of b?
2
Let t(u) = 9*u - 164. What is the units digit of t(23)?
3
Let v = -384 - -691. What is the hundreds digit of v?
3
Suppose 12 = 3*n - 3*j, 0*n + 3*n + 5*j + 4 = 0. Suppose -3*d + 450 = -5*s, -n*s + 5*s = 3*d - 444. What is the units digit of d?
5
Suppose 26371 + 68857 = 28*h. What is the units digit of h?
1
Let v = 18 - -32. What is the tens digit of v?
5
Let p be 10 + (-6)/2 + 1. Let o be 12/84 + p/(-7). What is the units digit of 1 + o + -2 + 36?
4
Suppose -5*h + 20 = -0*h, 4*h = -i + 253. Suppose 3*t - 3 = 0, 0 = -4*s - t + i - 20. What is the units digit of s?
4
Let q(p) = p + 10. Let r be q(-7). Suppose r*l + 3*y - 35 = 4*y, 0 = 3*y + 15. Suppose l = -o + 29. What is the tens digit of o?
1
Let s be (-4)/(-10) - 12/30. Suppose -3*c + 2*d - 59 = 0, s = -0*c - 2*c + d - 40. Let l = 30 + c. What is the units digit of l?
9
Let s(q) = -2*q**3 - 3*q**2 - 5*q - 2. Let f(d) = -5*d**3 - 9*d**2 - 14*d - 6. Let z(u) = 6*f(u) - 17*s(u). What is the units digit of z(2)?
0
Let j be (-2 - (-26)/(-5))*-5. Suppose 12 = 3*p + 3*z - j, 25 = p - 2*z. Suppose 2*n - 3*n + p = 3*o, 2*o + n = 11. What is the units digit of o?
8
Let t(c) = -c - 79. Let g be t(11). What is the tens digit of ((-11)/(-1))/(4 + g/24)?
4
Let n(w) be the second derivative of 10*w**3/3 + 3*w**2/2 - 9*w. Let i be n(3). What is the tens digit of i/3 - (-12)/(-4)?
1
Suppose 4*l = 5*s - 261, 4*s - l + 5*l = 180. What is the tens digit of s?
4
Let l = -28 - -30. Suppose -j = -l*j. Suppose j*d + 60 = 3*d. What is the units digit of d?
0
Let g(k) = -k - 4. Let l(s) = 5*s + 19. Let z(j) = -11*g(j) - 2*l(j). Suppose -3*r + r + 6 = 0. What is the units digit of z(r)?
9
Suppose 3*d = 8*d - 20. What is the tens digit of (-13068)/(-234) - d/(-26)?
5
Let w = -60 - -105. Let g = w - -94. What is the hundreds digit of g?
1
Let i = 1 - -2. Suppose 4*w - 5 - i = 0. Suppose w = -4*g + y + 15, 0 = -2*g - 5*y - 21. What is the units digit of g?
2
Suppose 19*k + 5016 = 5*s + 15*k, 2*s = -4*k + 1984. What is the hundreds digit of s?
0
Suppose -3*h + h + 10 = 0, 0 = q + 5*h - 25. Suppose q = -x - x - 4, 61 = j - x. What is the units digit of j?
9
Suppose -79*c + 4120 = -74*c. What is the tens digit of c?
2
Let u(k) = 3*k - 4. Let g be u(2). Suppose -118 - 76 = -g*r. What is the tens digit of r?
9
Let i be (16/28)/((-2)/(-7)). Suppose -2*c - j - i = -6, 12 = 5*c + 3*j. Let g = c - -2. What is the units digit of g?
2
Let q = 0 + -6. Let l = 0 - q. What is the units digit of 6*1 - (-9 + l)?
9
Let z = -2761 + 3985. What is the tens digit of z?
2
Suppose -12*w + 1053 + 1107 = 0. Suppose 4*b + 4 = 112. What is the tens digit of 15/4*w/b?
2
Let c be (-100)/(-15)*(-30)/(-2). Suppose 5*g + q + 204 = 0, c = -g - 2*g + 5*q. What is the units digit of (-3 - (g + -3)) + -3?
7
Let s = -34 - -17. Let n = 24 + s. What is the units digit of n?
7
Suppose 3*c = -4*s - 18, c + 5*s = 4*c + 45. Let f be 14 - (1 + 0/(-5)). Let v = f + c. What is the units digit of v?
3
Let v be (-6)/9*-831 + (0 - 4). Suppose 728 = 6*y - v. What is the units digit of y?
3
What is the thousands digit of (-8004)/18*(-1 - 2)?
1
Let k be (-48)/(-112) + (-120)/(-14). Let g = k + 12. What is the tens digit of g?
2
Let b(y) = -53*y + 16. What is the units digit of b(-4)?
8
Let v be (32/(-6))/(36/(-54)). What is the tens digit of v - 9 - (-1 + -69)?
6
Let c(p) be the third derivative of p**6/120 + p**5/20 + p**2. Let h(f) = -f**3 + f + 1. Let n(k) = c(k) + 3*h(k). What is the units digit of n(-2)?
5
Let s be 24/(-21) - (-1)/7. Let t be s + (-1 + -4)*-1. Suppose -32 = t*w - 8*w. What is the units digit of w?
8
Let z(i) = -4*i**3 - i**2. Let q be z(-1). Let t be 10/2 + -20 + 18. What is the units digit of (q*1)/(t/7)?
7
What is the hundreds digit of -2*(-2)/(-20) + 103440/200?
5
Suppose -4*r + 25 = 5*a, r + 2*a - 15 = -a. Suppose r*v - 682 = -2*v. What is the hundreds digit of v?
3
Let v(w) = -w + 10. Let k be v(-5). Let g be 8/6 + (-5)/k. What is the units digit of (g - 8/(-4)) + 2?
5
Suppose -2*h = 3*h - 3*x - 396, 4*x + 312 = 4*h. Let s = h + -34. Let l = s + -21. What is the units digit of l?
6
Suppose -10*j - 7650 = -19*j. What is the units digit of j?
0
Let i be (0/(-2))/(7 + -1 + -3). Suppose i*q = -2*q + 502. What is the hundreds digit of q?
2
Let t(f) = 15*f - 37. Let g be t(-16). Let z = -146 - g. What is the hundreds digit of z?
1
Let j be 10 + 2/3*-3. Let h = -12 - -22. Suppose -j*c = -9*c + h. What is the units digit of c?
0
Let q(t) = -t**3 - 16*t**2 - 22*t - 44. What is the units digit of q(-15)?
1
Let v(r) = -r**2 + 6*r - 6. Suppose -4*t - f = -11, -f - 7 = -3*t + 3. Let l be v(t). Suppose 5*o + 3 + 4 = s, 0 = 2*s + l*o - 40. What is the tens digit of s?
1
Let h = 5635 + -3845. What is the hundreds digit of h?
7
Let r be ((-5)/(-15) - -1)/(4/(-18)). What is the units digit of ((-204)/(r/2))/((-20)/(-50))?
0
Suppose c - 335 = -3*d, c - 245 - 125 = 4*d. What is the hundreds digit of c?
3
Let x = -3244 + 4570. What is the units digit of x?
6
Suppose -3*q + 15 = -3. Let y be (-2 - -6) + -1 + 4/(-4). Let v = q + y. What is the units digit of v?
8
Let s(a) = 59*a + 391. What is the hundreds digit of s(13)?
1
Suppose u = 6*u - 1595. Suppose -u = -3*j + 3*a + 383, 2*a = -3*j + 707. What is the tens digit of j?
3
Suppose 2*f = -5*c + 26, 0 = 4*c - 9*c + 4*f + 8. Suppose 2*n + 0*n = -c*r + 454, r = 3*n + 103. What is the tens digit of r?
1
Let g(v) = -9*v**2 - v - 21. Let h(a) = 14*a**2 + a + 31. Let w(x) = 7*g(x) + 5*h(x). What is the hundreds digit of w(-5)?
1
Let m = -20 + 11. What is the tens digit of m/6 + (-1359)/(-18)?
7
Let i = 5 - 3. Suppose 0 = 2*b - 3*m - 30, -5*m = 2*b - 3*b + 8. What is the units digit of 0/((-2)/i) + b?
8
Suppose -5*w + s = -1635, -4*s - 452 - 840 = 